+ 3*n**2 - 532*n - 1590. Calculate v(-3).
-21
Let z(c) = -c**2 + 152*c + 950. What is z(-6)?
2
Let i(t) = 32*t**3 - t**2 - 2*t - 10. Calculate i(2).
238
Let g(y) = -2*y**3 + 13*y**2 + 964*y - 83. What is g(-19)?
12
Let h(o) = o**3 - 72*o**2 - 56*o - 1013. Calculate h(73).
228
Let s(n) = 450*n - 1335. Determine s(3).
15
Let g(c) = 263*c**3 + 13*c**2 + 13*c. What is g(-1)?
-263
Let f(t) = 8*t**2 + 30*t - 1748. Calculate f(13).
-6
Let o(m) = 19*m**2 + 230*m + 638. Give o(-7).
-41
Let x(p) = 10*p**3 + 239*p**2 - 38*p - 368. What is x(-24)?
-32
Let v(b) = b**3 - 15*b**2 + 5*b - 66. What is v(15)?
9
Let s(q) = -49*q + 74. Give s(4).
-122
Let s(b) = b**2 + 12*b - 613. Give s(-32).
27
Let x(o) = 8*o + 356. Determine x(-51).
-52
Let d(h) = -h**3 - 33*h**2 - 77*h - 24. Calculate d(-2).
6
Let i(l) = l**2 - 432*l + 28425. What is i(81)?
-6
Let s(o) = o**3 + 13*o**2 + 5*o - 61. Calculate s(-12).
23
Let y(g) = g**2 + 14*g + 18. Determine y(-12).
-6
Let g(k) = 4*k**3 - 226*k**2 - 350*k + 118. Give g(58).
2
Let p(w) = -w**2 + 20*w + 519. Calculate p(-15).
-6
Let f(m) = 541*m - 1064. Calculate f(2).
18
Let f(s) = -11*s**2 - 37*s - 79. Determine f(-2).
-49
Let c(z) = -z**2 - 971*z + 3921. Determine c(4).
21
Let d(x) = -x**3 + 82*x**2 - 159*x - 186. Give d(80).
-106
Let t(y) = -27*y - 848. Calculate t(-30).
-38
Let t(b) = -14*b**3 - b**2 + 168*b - 169. Determine t(1).
-16
Let m(z) = -4*z**2 - 471*z - 13734. What is m(-53)?
-7
Let f(a) = a**3 + 31*a**2 + 50*a - 231. Calculate f(-29).
1
Let u(t) = 22*t - 398. Give u(20).
42
Let c(k) = -38*k + 2131. Determine c(56).
3
Let l(c) = c**3 - 7*c**2 - 5*c + 103. Determine l(7).
68
Let s(l) = -4*l**3 - 14*l**2 + 6*l - 5. Determine s(-4).
3
Let h(j) = 22*j + 46. Determine h(5).
156
Let f(i) = i**2 + 471*i + 19556. What is f(-46)?
6
Let q(j) = 9*j**2 - 71*j + 24. Give q(6).
-78
Let j(l) = 572*l + 4580. Give j(-8).
4
Let n(i) = 5*i**2 - 538*i - 1102. What is n(-2)?
-6
Let z(g) = -11*g**2 - 280*g - 122. Calculate z(-25).
3
Let s(i) = -i**2 - 46*i - 114. Determine s(-43).
15
Let h(y) = -y**2 + 73*y - 931. Determine h(17).
21
Let k(y) = -1304*y - 26090. Determine k(-20).
-10
Let i(q) = 1472*q + 153083. What is i(-104)?
-5
Let y(m) = 25*m - 205. Calculate y(18).
245
Let p(w) = 2*w**2 + 41*w - 1373. Determine p(18).
13
Let y(x) = -106*x + 11548. Give y(109).
-6
Let l(m) = 245*m**2 + 2208*m + 18. Give l(-9).
-9
Let d(u) = 3*u**2 - 8226*u - 24700. Calculate d(-3).
5
Let q(j) = -2*j**3 - 11*j**2 - 10*j - 32. Give q(-8).
368
Let y(g) = g**3 + 2*g**2 + 11*g + 34. Calculate y(-5).
-96
Let f(w) = 484*w + 13667. Determine f(-28).
115
Let a(w) = -w**2 - 87*w - 255. Give a(-3).
-3
Let p(h) = 1103*h - 7606. What is p(7)?
115
Let h(w) = 106*w**3 + 199*w**2 - 4*w + 2. What is h(-2)?
-42
Let p(j) = -5*j**2 - 27*j + 24. Determine p(-6).
6
Let u(d) = -45*d**2 + 483*d - 304. What is u(10)?
26
Let j(a) = -33*a - 1325. Determine j(-40).
-5
Let f(s) = 7*s**2 + 33*s - 88. Give f(3).
74
Let j(v) = 2*v**3 + 19*v - 34. Give j(2).
20
Let r(g) = -g**2 + 253*g - 4669. Give r(20).
-9
Let o(v) = 20*v - 238. Give o(15).
62
Let r(p) = 23*p**3 + p**2 + 2. Determine r(-2).
-178
Let o(w) = 3*w**3 - 20*w**2 + 9*w - 6. Give o(4).
-98
Let d(c) = -49*c - 408. What is d(-5)?
-163
Let v(z) = -2*z**3 - 74*z**2 + 71*z - 188. What is v(-38)?
2
Let h(l) = l**3 + 84*l**2 + 619*l + 6166. Calculate h(-77).
6
Let l(x) = -x**2 - 65*x + 6717. Give l(56).
-59
Let a(f) = -13*f**2 - 103*f - 192. Calculate a(-3).
0
Let l(s) = -97*s - 8442. What is l(-87)?
-3
Let g(s) = 551*s + 3308. Calculate g(-6).
2
Let z(p) = -3*p - 368. Calculate z(-57).
-197
Let g(p) = -6*p**2 - 15*p + 175. What is g(-7)?
-14
Let p(q) = -q**2 + 13*q + 40. Calculate p(16).
-8
Let m(g) = 889*g + 898. Give m(-1).
9
Let y(s) = 18*s**2 - 6547*s + 4724. Determine y(363).
5
Let s(f) = -2*f**3 - 67*f**2 - 212*f - 25. Calculate s(-30).
35
Let m(p) = p**3 + 54*p**2 - 66*p - 597. Give m(-55).
8
Let o(h) = -483*h - 9778. Determine o(-20).
-118
Let w(h) = -12*h**2 - 59*h - 2. Determine w(-4).
42
Let t(o) = -o**2 - 13*o + 281. Give t(12).
-19
Let v(c) = 7*c**2 - 211*c - 126. What is v(31)?
60
Let y(b) = -20*b + 117. Determine y(6).
-3
Let j(u) = 5816*u - 93056. Calculate j(16).
0
Let t(l) = l**3 - 7*l**2 + 7*l - 20. Give t(9).
205
Let r(b) = -6*b**2 - 41*b + 10. Determine r(-9).
-107
Let t(g) = 209*g**2 + 22*g - 43. What is t(2)?
837
Let f(w) = 4*w**2 - 104*w + 274. Calculate f(23).
-2
Let j(x) = 2*x**3 + 15*x**2 + 7*x - 29. Calculate j(-7).
-29
Let d(b) = 289*b + 73. What is d(-1)?
-216
Let y(x) = -x**3 + 131*x**2 + 117*x + 1983. Give y(132).
3
Let d(c) = c**3 + 19*c**2 + 19*c + 368. Calculate d(-19).
7
Let y(a) = 53*a + 2806. Determine y(-53).
-3
Let n(i) = -3*i**3 - 19*i**2 + 3*i - 7. Give n(-7).
70
Let q(m) = 4*m**3 - 2*m**2 + 9*m + 10. Calculate q(-1).
-5
Let v(f) = 377*f + 10488. Give v(-28).
-68
Let p(z) = -3*z**2 - 210*z - 168. Calculate p(-69).
39
Let d(a) = a**2 + 502*a - 4095. Give d(8).
-15
Let u(d) = 2*d**3 - 14*d**2 + 4*d - 1. What is u(0)?
-1
Let i(j) = -53*j + 45. Determine i(-4).
257
Let g(r) = -61*r**2 + 153*r + 102. Give g(3).
12
Let k(w) = -w**3 + 10*w**2 - 10*w + 40. Calculate k(12).
-368
Let f(i) = i**2 - 1792. What is f(-43)?
57
Let t(o) = -6*o**3 - 19*o**2 - 23. What is t(-4)?
57
Let b(c) = -64*c - 1853. Give b(-30).
67
Let b(y) = -543*y + 2262. Calculate b(4).
90
Let p(j) = 1511*j + 146575. What is p(-97)?
8
Let d(i) = i**3 - 23*i**2 + 48*i - 290. Determine d(20).
-530
Let u(v) = v**2 + 15*v - 1. What is u(-15)?
-1
Let s(f) = 63*f - 340. What is s(6)?
38
Let x(s) = s**2 - 73*s - 481. Calculate x(-6).
-7
Let u(c) = -2*c**2 - 31*c + 118. What is u(8)?
-258
Let m(y) = -4*y**2 - 45*y + 1522. Determine m(-26).
-12
Let k(q) = q**2 - 14*q + 144. Calculate k(16).
176
Let k(l) = -64*l + 17. Give k(1).
-47
Let b(u) = 274*u**2 - 275*u + 5. Determine b(1).
4
Let m(i) = i**2 - 31*i + 142. What is m(28)?
58
Let v(y) = 35*y**2 - 240*y + 25. Give v(6).
-155
Let m(r) = -r**2 - 25*r - 67. What is m(-6)?
47
Let m(t) = -28*t + 42. Give m(3).
-42
Let s(r) = 261*r + 7049. Determine s(-27).
2
Let v(l) = -14*l**2 - 116*l - 238. Determine v(-2).
-62
Let l(i) = -4*i**2 + 18*i - 56. Give l(3).
-38
Let n(v) = 71*v**2 + 4475*v + 132. Calculate n(-63).
6
Let f(d) = 134*d - 162. Calculate f(1).
-28
Let a(b) = -744*b - 3710. Give a(-5).
10
Let d(o) = -29*o + 2958. Determine d(102).
0
Let i(y) = 25*y - 289. Determine i(9).
-64
Let z(u) = 10*u**2 + 157*u - 42. What is z(-16)?
6
Let a(b) = b**3 - 38*b**2 + 78*b - 229. What is a(36)?
-13
Let a(x) = -40*x - 108. Give a(-2).
-28
Let a(z) = 26*z + 154. Give a(13).
492
Let x(r) = -r**3 - 35*r - 121. Calculate x(0).
-121
Let v(r) = r**3 + 49*r**2 + 223*r + 138. Calculate v(-44).
6
Let d(v) = -32*v + 800. Calculate d(38).
-416
Let s(d) = -66*d**2 - 18*d - 28. Calculate s(-2).
-256
Let g(w) = -w**3 + 60*w**2 - 186*w + 846. Calculate g(57).
-9
Let y(r) = -6*r**3 - 148*r**2 + 48*r - 10. Calculate y(-25).
40
Let k(h) = h**2 + 17*h + 42. Give k(-4).
-10
Let x(o) = -127*o + 307. Determine x(5).
-328
Let t(h) = -995*h + 31891. What is t(32)?
51
Let p(q) = 2*q**2 + 31*q - 596. Give p(-26).
-50
Let o(l) = -l**3 + 16*l**2 - 37*l + 16. Determine o(13).
42
Let t(j) = 41*j + 824. Determine t(-20).
4
Let y(l) = -13*l + 646. What is y(50)?
-4
Let s(o) = -3*o**2 - 15*o - 37. Calculate s(8).
-349
Let r(j) = -2*j**3 + 2*j**2 + 17*j - 25. Determine r(5).
-140
Let c(w) = w**2 - 74*w + 894. What is c(61)?
101
Let n(x) = 178*x - 1890. Calculate n(13).
424
Let d(b) = -8*b**2 - 24*b - 62. What is d(-5)?
-142
Let o(b) = 157*b + 10656. Give o(-69).
-177
Let h(d) = -67*d**2 - 4*d + 5. Calculate h(1).
-66
Let i(s) = 19*s - 279. Calculate i(20).
101
Let p(d) = -83*d + 233. Calculate p(2).
67
Let f(p) = 25*p**2 + 834*p + 172. Give f(-33).
-125
Let k(m) = -7*m**2 + 367*m - 4634. Determine k(21).
-14
Let o(n) = 31*n + 170. Calculate o(-6).
-16
Let u(o) = 1026*o - 1009. Calculate u(1).
17
Let j(p) = 3*p + 80. Calculate j(-34).
-22
Let n(y) = 29*y**3 - y**2 + 4*y + 9. Determine n(-2).
-235
Let m(n) = -4*n - 170. What is m(-27)?
-62
Let q(c) = -5*c**3 - 119*c**2 + 42*c + 424. Calculate q(-24).
-8
Let j(i) = i**3 - 12*i**2 + 36*i - 28. What is j(8)?
4
Let f(i) = 2*i**3 - 16*i**2 + 71*i - 236. Give f(6).
46
Let s(l) = 4*l**